r = -103*r - 1070. Let b(g) = -g**2 - 7*g + 22. Give b(r).
-8
Let t(a) = 2*a + 7. Suppose -2*l + 8*l = 168. Suppose 3*g = -5*v + l, -3*v + g - 6 = -4*v. Let z(f) = f + 4. Let m(n) = v*z(n) - 3*t(n). Determine m(7).
-8
Suppose 0 = 4*r + 3*c - 8*c + 923, 460 = -2*r + 4*c. Let t = 243 + r. Let w(h) = -h + 15. Give w(t).
4
Let r(z) = -3*z**2 - 67*z + 843. Let k be r(9). Suppose 3*p = 2*p + 3. Let t(f) = 2*f**3 + 3*f - f**2 - 2*f**2 - p*f**3. Determine t(k).
-9
Suppose l + 4 = -4*p + 2*p, 4*p + 20 = -5*l. Let u(z) = 7*z**2 - 18*z - 34. Let n(b) = -15*b**2 + 39*b + 69. Let q(v) = -6*n(v) - 13*u(v). What is q(p)?
28
Let a(p) be the third derivative of -1/12*p**4 + 7/6*p**3 + 0 - 12*p**2 + 0*p + 1/120*p**5. Let f(n) be the first derivative of a(n). Give f(-4).
-6
Let x(s) = s**3 + s**2 + 2*s. Let q(i) = 4*i**3 - 2*i**3 - 4*i**3 + 9*i**2 - 8*i - 14 - 2. Let y(o) = -q(o) - 3*x(o). Calculate y(-12).
-8
Let k(g) = -33 - 9*g + 6*g + 86 + 3*g + 5*g. Give k(-10).
3
Let a(v) = -v + 4. Suppose -1051 = 53*w - 150. Give a(w).
21
Let o be ((-6)/(-8 - -11))/(-1 + 2). Let y(z) = 17*z - 2. Let a(l) = 93*l - 11. Let x(v) = o*a(v) + 11*y(v). Calculate x(1).
1
Let h(g) = -g**2 + 6*g - 6. Let o(s) = -7*s - 28. Let r be o(-5). Suppose -41*j + 40*j = -r. Give h(j).
-13
Suppose -4*h = 58*c - 53*c - 67, 3*c - 39 = -3*h. Let t(u) = u**3 - 17*u**2 + 32*u - 36. Give t(c).
-6
Let a(q) be the first derivative of -9*q**2/2 - 14*q + 116. What is a(-6)?
40
Suppose -12 = 2*b + b, 0 = 4*g + 4*b - 24. Suppose -2*a - 4*w = w - 9, 4*a - g = -2*w. Let i(v) = 5*v**2 - 3*v + 1. Determine i(a).
15
Let i(u) = -2 + 7 + 4*u - 3. Suppose -17451*l + 17483*l - 50 + 146 = 0. What is i(l)?
-10
Let d(q) be the second derivative of q**4/12 - 4*q**3/3 - 7*q**2/2 + 989*q + 3. What is d(10)?
13
Let s(f) = -f**3 + 2*f**2 - 2*f. Suppose -5*l - 30 = -3*g, -4*g - 2*l + 44 = 4. Suppose -2*o = -3*p - 0*o + 6, -4*o = -5*p + g. What is s(p)?
-4
Let c(u) = 15*u**2 - 53*u + 605. Let j(g) = -13*g**2 + 53*g - 533. Let v(r) = -6*c(r) - 7*j(r). What is v(51)?
-1
Let j(z) be the second derivative of -9*z**3/2 - 9*z**2 - 1194*z - 1. Calculate j(-2).
36
Let c(s) = s**3 - 8*s**2 + 15*s - 12. Let x(w) = -w + 16. Let d(g) = c(g) + x(g). Calculate d(6).
16
Let r(a) = -136 + 16*a + 59 + a**3 + 3*a**2 - 17*a**2 + 18*a + 64. Give r(11).
-2
Let t = -101 + 107. Let q be (-52)/t + 8 - 34/(-6). Let c(h) = -h**3 + 6*h**2 - 4*h - 7. What is c(q)?
-2
Suppose -3*m - 4*p = 12, 0*m + 4*p = 2*m + 28. Let o(b) = 14*b - 51. Let u(z) = -5*z + 18. Let a(v) = 6*o(v) + 17*u(v). What is a(m)?
8
Let p(q) = q**2 - 231*q + 3045. Let v be p(14). Let a(l) = -5 + 15 + 0*l - l**2 + 8*l. Calculate a(v).
17
Let r(l) = 4 - 11*l + l**3 + 10*l + 5 - 4*l**2 - 8. Calculate r(5).
21
Suppose z = -4*j - 18, -4*z - 2 = 5*j + 15. Let l be 20/6*3/z - 2. Suppose 4*d - d = l. Let u(n) = 11*n. Determine u(d).
11
Let j(i) = -i - 7. Let d = 387 + -650. Let k = 254 + d. Calculate j(k).
2
Let k(c) = -c**2 + 2*c + 7. Let y be (2/36*3)/((-63)/(-1512)). Determine k(y).
-1
Let a be (6 - 14)*(-3)/(-4) - -3. Let v(o) = -o**3 - o**2 - 11*o - 14. Let y(f) = f**3 + 2*f**2 + 10*f + 12. Let l(m) = a*v(m) - 4*y(m). Calculate l(-4).
6
Let h(y) = -2*y**3 - 32 + 63 + 6*y - 8*y**2 - 34. Let n(c) = 3*c**3 + 9*c**2 - 7*c + 2. Let i(q) = -4*h(q) - 3*n(q). Suppose x + 10 = 3*x. Calculate i(x).
-9
Let s(i) = -i**3 + 18*i + 27. Let v = 39951 + -39951. Give s(v).
27
Let k(l) = -2*l - 2. Let m be (-4)/(-10) + 54/(-10). Let v(d) = -d**2 - 5*d + 4. Let j be v(m). Suppose j*r = u - 14, -2*u = -2*r - 2 - 8. Calculate k(u).
-6
Let n(l) = -3*l - 5. Let g be 1/1*(-384)/16. Let f be 16/g - 23/(-3). Calculate n(f).
-26
Let y(u) be the third derivative of -u**8/20160 - u**7/2520 + u**6/180 - 3*u**5/20 + u**4/12 + 2*u**2 + 7. Let g(o) be the third derivative of y(o). Give g(-5).
-11
Let n(l) = -8*l - 1. Let b be 1 + 27 + 5 - (1 + -5). Suppose -b*y + 32*y = -10. Suppose -2*p = y*p - 4. Determine n(p).
-9
Let b(p) = -p + 9. Let u be (60/(-4 - 1))/((-54)/(-9) - 4). Calculate b(u).
15
Let a(i) = i - 19. Suppose 0 = -3*v - 2*g - 5 - 4, -5*v = 4*g + 17. Let h(z) = -z**3 - 2*z**2 + 2*z + 3. Let q be h(v). Give a(q).
-19
Let p(r) = r**2 + 2*r - 6. Let u(m) = -85*m + 761. Let w be u(9). Determine p(w).
2
Let u(b) = -b**2 - b - 15. Suppose a = 2*m - 21, -2*m = -m + 4*a - 15. Suppose -293 - 147 = -m*y. Let h = -40 + y. What is u(h)?
-15
Let k = 16710 - 16708. Let a(r) be the third derivative of 0 - 2/3*r**3 + 1/60*r**5 + 1/12*r**4 - 15*r**k + 0*r. What is a(-4)?
4
Let r(t) = 3*t - 3. Let h be (-4 - -1)*-1 + -4*1. Let z be (-1 + -4)/h*-1. What is r(z)?
-18
Let m(d) = d. Let v(t) = t - 1. Let l(o) = 3*m(o) - 4*v(o). Suppose -35 = -157*a + 164*a. Calculate l(a).
9
Let f(j) = j - 11. Let p be 2/(-7) - 2176/(-119). Let s be (-117)/p + (-3)/(-2) - -10. Calculate f(s).
-6
Let v(i) = 5*i**2 + 84*i - 16. Let f be 6560/(-400) + 3/(-5). Determine v(f).
1
Let q = -27 + 22. Let g = q - 0. Let p be (-12)/(-10)*g/(-3). Let k(t) = 9*t - 2. Give k(p).
16
Let f(n) = n - 2. Suppose 4*l - 3*c - 210 = 0, -5*c - 12 = -2. Suppose -14*r - 23 = -l. Determine f(r).
0
Let a = 59 - -25. Let j = 184 - a. Let q(p) = -205 - 12*p**2 - p + 104 + j. Calculate q(-1).
-12
Let v(b) = -7*b**2 - 22*b + 26. Let l(a) = 17*a**2 + 54*a - 65. Let r(k) = -5*l(k) - 12*v(k). Let h(y) = y**2 - 9*y + 7. Let t be h(7). What is r(t)?
6
Let t(a) = 29*a**2 + 10*a - 14. Let h(v) = -6*v**2 - v + 2. Let s(g) = 5*h(g) + t(g). Let o be 10/(-60) - (-62)/12. Give s(o).
-4
Let x(v) = v**2 - 2*v - 1. Suppose -5*h = -4*k - 249 - 255, 200 = 2*h - 2*k. Let q be 268/h*-2 - (-6)/39. Let r be ((-10)/(-25))/((-1)/q). What is x(r)?
-1
Let z(a) = 14*a**3 - 4*a**2 - 17*a**3 + 2*a**3. Let l be z(-4). Let s be (-1 - l) + (-6)/(-3). Let b(x) = -3*x - 1. What is b(s)?
-4
Let b(x) = -x + 7. Let k be b(3). Suppose 0 = -5*p + 2*t - t + 9, 3*p - 4 = 2*t. Let a(m) = -1 - m**p - 33*m + 14*m + 14*m + 8*m. What is a(k)?
-5
Suppose 3*w + 29 = -k, w - 6*w - 3*k - 43 = 0. Suppose 2*a + 46 = 80. Let b(h) = a - 2*h + h + 2*h - 10. Give b(w).
-4
Let c(r) be the third derivative of 11*r**4/24 + 5*r**3/3 + 304*r**2 + 2. Give c(-6).
-56
Suppose -39 = 3*f - 3*z, 237*z - 239*z + 32 = -3*f. Let j(b) = -13*b - 99. Give j(f).
-21
Let u(h) = -5*h**2 + 21*h + 17. Suppose 892*y - 1591 = 2413 + 456. Give u(y).
-3
Let t(w) be the first derivative of 3*w**2/2 - 19*w - 560. Let v = -64 + 72. What is t(v)?
5
Let g(z) be the third derivative of -z**5/60 + 19*z**4/24 - 37*z**3/6 + 5*z**2. Give g(18).
-19
Let j = -46 + 56. Let c be 12/8*j/3. Suppose -c*m = 3*n + 16, 3*m - 10 = 2*m - 5*n. Let y(l) = l**2 + 5*l - 6. What is y(m)?
-6
Let k(j) = -2*j**2 + 6*j - 10. Let r be (561/(-55) - -9)*(4 - (-17)/(-3)). What is k(r)?
-6
Let t(h) be the first derivative of h**4/4 - 31*h**3/3 + 14*h**2 + 46*h - 126. What is t(30)?
-14
Let h(p) = -p**3 - p**2 + p - 2. Let n(z) = -5*z**3 - 4*z**2 - z - 18. Let w(r) = -3*h(r) + n(r). Calculate w(-2).
8
Let w = -37 + 69. Suppose -6*v + y + 27 = -3*v, 2*v + 4*y = w. Suppose -8*h - 6 = v. Let s(k) = -11*k + 1. Give s(h).
23
Let x(h) = 61*h - 1894. Let t be x(31). Let m(u) = u**3 + 5*u**2 + 6*u - 4. Calculate m(t).
-4
Let j(q) = 65 + 37 + 15 - 91 + q + 26. Give j(-34).
18
Let z = -5817 - -5826. Let n(q) = q - 38. Give n(z).
-29
Let f be (-162)/(1 - 19) - (8 - 1). Let g(c) = -2*c + 3 - 2*c + 1. Let a(p) = 3*p - 3. Let r(b) = 3*a(b) + 2*g(b). Determine r(f).
1
Suppose -43*u = -19*u - 96. Suppose 0 = -2*m - 3*a + 11, u*m + a + 3 + 0 = 0. Let z(c) = 10*c - 1. Determine z(m).
-21
Let z(l) be the first derivative of -l**4/4 + 10*l**3/3 - 6*l**2 + 7*l + 1220. Determine z(9).
-20
Let f be (-30)/(-20) + 45/(-6). Let d(b) = 48*b + 288. Give d(f).
0
Let z(t) = -791*t + 2 - 825*t + 1564*t. Determine z(1).
-50
Suppose -16 = 4*y - o, 2*y - 3*o = y - 15. Let u(s) = -s - 8*s - 5 + 10*s - 2. Calculate u(y).
-10
Let p be -1 - ((-6)/(-4))/(7/(-14)). Let x(m) = -795*m - m**2 + 2*m**p + 786*m + 6. Determine x(8).
-2
Let s(h) = h**3 - 5*h**2 + 3*h + 6. Let o be s(4). Suppose -4*v - 3*d + 3 = -o, 3*d = v - 5. Let x(m) = 15 - 9 + 0*m**2 + 11*m + m**v. Calculate x(-10).
-4
Suppose 4*y + 5*l - 201 = 0, -5*y - 13*l + 9*l + 258 = 0. Suppose -y*i = -48*i + 24. Let c(v) = v**3 + 3*v**2 + 3*v + 2. What is c(i)?
-26
Let d(m